base 13, what is -784 + 2cb?
-486
In base 9, what is -7 + -2317?
-2325
In base 13, what is -6 + 359c?
3596
In base 5, what is 4 + -21323440?
-21323431
In base 14, what is -4 + 3b4d?
3b49
In base 15, what is -2 + -11abb9?
-11abbb
In base 7, what is 16150 + 53?
16233
In base 11, what is 2 - 26257?
-26255
In base 2, what is 11101101110110 + -10?
11101101110100
In base 2, what is 1110011 + 1011010110?
1101001001
In base 14, what is -5 + 23271?
2326a
In base 3, what is 1001 + 100100?
101101
In base 15, what is 5 - -1d94e?
1d954
In base 6, what is 50200 - -222?
50422
In base 6, what is -23 - 2050?
-2113
In base 10, what is -970 + 71?
-899
In base 4, what is -22020123 + 31?
-22020032
In base 14, what is -32 + 1c6?
194
In base 5, what is -2130020 - -24?
-2124441
In base 15, what is 4a + -433?
-3d8
In base 11, what is -165a - -87?
-1583
In base 13, what is -c39a - 0?
-c39a
In base 8, what is 1 + -54540?
-54537
In base 11, what is 102 + -1291?
-118a
In base 15, what is b4 + d6?
19a
In base 5, what is -4340022 + 2?
-4340020
In base 5, what is -2212044 + 2?
-2212042
In base 8, what is -104 - -1244?
1140
In base 10, what is -4 - 42739?
-42743
In base 10, what is -197504 + 3?
-197501
In base 3, what is -212222112 - 12?
-212222201
In base 11, what is 4 - 12240?
-12237
In base 2, what is -101 - 111010010010100011011?
-111010010010100100000
In base 16, what is 34 + 246?
27a
In base 15, what is 4bd49 - 1?
4bd48
In base 11, what is -129667 - -4?
-129663
In base 10, what is -1 + 347342?
347341
In base 5, what is 122101 - 101?
122000
In base 13, what is -5 + 2b53b?
2b536
In base 8, what is -466411 + 24?
-466365
In base 9, what is -4 - -166244?
166240
In base 13, what is 13 + -22a2?
-228c
In base 6, what is -232310 - 2?
-232312
In base 12, what is -2a - 1076?
-10a4
In base 13, what is -b0 + -a3?
-183
In base 11, what is -179a - 87?
-1876
In base 15, what is -7ca + 19?
-7b1
In base 8, what is -32 - -51?
17
In base 7, what is -51 + 11110?
11026
In base 8, what is -11 - 14006?
-14017
In base 9, what is 216241 - 4?
216236
In base 14, what is 2 + 129a4?
129a6
In base 9, what is 260 + 727?
1087
In base 13, what is 6 + 16b1?
16b7
In base 7, what is -1341 + 2053?
412
In base 7, what is 3040 - 140?
2600
In base 3, what is -102120220 + 1002?
-102112211
In base 14, what is -327b3 + 4?
-327ad
In base 6, what is 334354 - 5?
334345
In base 2, what is 1000011 - 10110?
101101
In base 8, what is -5443 + 462?
-4761
In base 11, what is -5a77 + 0?
-5a77
In base 12, what is 0 + 1802?
1802
In base 12, what is -185 + -b?
-194
In base 11, what is 4 + -4a442?
-4a439
In base 14, what is -88 + -185?
-22d
In base 3, what is -11110102 + -12201?
-11200010
In base 10, what is -1 + -8614?
-8615
In base 14, what is -2 + 10239?
10237
In base 9, what is 762213 - 3?
762210
In base 13, what is 594a0 - 1?
5949c
In base 5, what is 10430121 + -3?
10430113
In base 13, what is -6b1 - b6?
-797
In base 11, what is 16 + 104861?
104877
In base 9, what is -1882 + 0?
-1882
In base 9, what is 16416 + -15?
16401
In base 3, what is 2100002201111 - -12?
2100002201200
In base 6, what is -242 + -34022?
-34304
In base 10, what is -7644 + -44?
-7688
In base 15, what is -17 - 4a18?
-4a30
In base 7, what is 225612 + -3?
225606
In base 3, what is 1100010022 - 12?
1100010010
In base 15, what is 0 + -1976?
-1976
In base 15, what is -23de - 117?
-2506
In base 8, what is 16 + -522774?
-522756
In base 6, what is -3120 + -114?
-3234
In base 8, what is -4114 + 13?
-4101
In base 10, what is -1857 + 107?
-1750
In base 7, what is -4112461 + 4?
-4112454
In base 13, what is -2a7 - -aa?
-1ca
In base 14, what is 50 - 212a?
-20ba
In base 3, what is -11002001 + 120?
-11001111
In base 6, what is 423 - -22?
445
In base 11, what is -6825a8 - 2?
-6825aa
In base 5, what is 41433 - -2202?
44140
In base 3, what is 2 - 2220212021?
-2220212012
In base 3, what is 20 - 21201010200?
-21201010110
In base 15, what is 3 - 527?
-524
In base 16, what is 0 + -e77f?
-e77f
In base 11, what is 11a + 158?
277
In base 7, what is -13 - -14252?
14236
In base 15, what is -182 - -58?
-129
In base 8, what is 2304524 + -2?
2304522
In base 5, what is 1433 - -1104?
3042
In base 4, what is -300212 - 3031?
-303303
In base 11, what is 953 + -90?
873
In base 3, what is 1202 + -1121020?
-1112111
In base 11, what is 9a1 + -4?
998
In base 6, what is 3010443 + -4?
3010435
In base 8, what is -5 + 1745?
1740
In base 4, what is 102131103 + -1?
102131102
In base 8, what is 131 + -1230?
-1077
In base 6, what is 1150 + 3324?
4514
In base 7, what is -1 - 664264?
-664265
In base 10, what is 3 + 153920?
153923
In base 6, what is -3345552 + -3?
-3345555
In base 7, what is 2 + -11646?
-11644
In base 12, what is -3514 - -260?
-3274
In base 15, what is -5a - -108b?
1031
In base 2, what is -11 - 111000111000011011?
-111000111000011110
In base 14, what is 295ca9 - 2?
295ca7
In base 9, what is 1 + -18117?
-18116
In base 7, what is -4 - 1526340?
-1526344
In base 11, what is -251217 - 4?
-251220
In base 15, what is 3 + -bc1a?
-bc17
In base 3, what is -11 - -1022101?
1022020
In base 7, what is 110536 - 3?
110533
In base 12, what is -173 - 124?
-297
In base 3, what is 1010 - 11011200?
-11010120
In base 14, what is -1 + -4662?
-4663
In base 13, what is -1127c - 23?
-112a2
In base 14, what is 1c - -166?
184
In base 4, what is -12033212 + 1?
-12033211
In base 14, what is 7 + -30805?
-307dc
In base 14, what is -6c77 + 2?
-6c75
In base 10, what is 2 - 139627?
-139625
In base 4, what is 31030113 - -10?
31030123
In base 14, what is 9340 + 5?
9345
In base 3, what is -212020220 + -202?
-212021122
In base 11, what is -329a2 - -5?
-32998
In base 9, what is 62230 - -5?
62235
In base 15, what is 39 - 793?
-759
In base 14, what is -11dc - 68?
-1266
In base 15, what is 16 - 13e7?
-13d1
In base 3, what is 110122021200102 - -11?
110122021200120
In base 12, what is 8170bb + 5?
817104
In base 12, what is 388 - 91?
2b7
In base 16, what is 23 - -bf12?
bf35
In base 4, what is -21323 - 11?
-22000
In base 3, what is -2 + -20101021022?
-20101021101
In base 11, what is 1605 - 271?
1344
In base 9, what is 1534 + 3134?
4668
In base 5, what is 4 + -132234?
-132230
In base 13, what is -250 + 66?
-1b7
In base 14, what is 3b39 + 24?
3b5d
In base 12, what is -509 + 3b20?
3613
In base 4, what is -101 - -100330222?
100330121
In base 4, what is -32130332 - -20?
-32130312
In base 14, what is -5a - -60d0?
6074
In base 2, what is 100100100011 + -111101?
100011100110
In base 7, what is -3413143 + 10?
-3413133
In base 13, what is 94 + 4885?
4949
In base 10, what is -4 - 31102?
-31106
In base 16, what is 1383 + e?
1391
In base 15, what is 27c11 + -2?
27c0e
In base 5, what is -42144 + -23?
-42222
In base 15, what is -8 - 12ccc?
-12cd5
In base 2, what is -1111100 + -1010010100?
-1100010000
In base 16, what is -2cf2 - -88?
-2c6a
In base 7, what is -5 + 52060?
52052
In base 10, what is 3 - 18212?
-18209
In base 3, what is 20022 - -1112011121?
1112101220
In base 3, what is -12002 - 10000?
-22002
In base 11, what is 432 + 12?
444
In base 2, what is 11110101111 - 100100?
11110001011
In base 13, what is -11c + -133?
-252
In base 14, what is 4142d - -7?
41436
In base 12, what is -115 - -112?
-3
In base 8, what is 3677 + -25?
3652
In base 3, what is -22210121 + -20?
-22210211
In base 8, what is 54461 - -13?
54474
In base 3, what is 211 - 20002212?
-20002001
In base 12, what is 18a - 816?
-648
In base 7, what is 6625 - 0?
6625
In base 3, what is -1 + -2221100020?
-2221100021
In base 3, what is -10102221001111 - 1?
-10102221001112
In base 13, what is -2310 + 521?
-1abc
In base 15, what is d0c - 4?
d08
In base 2, what is -1 + -110100111010?
-110100111011
In base 15, what is 4250 + -5?
424a
In base 3, what is 1 - 11122022?
-11122021
In base 5, what is -3 + 20041?
20033
In base 6, what is 355 + -15332?
-14533
In base 9, what is -206 - 144?
-351
In base 10, what is 22384 - -1?
22385
In base 12, what is -7032 + -2a?
-7060
In base 6, what is -5 - -1102333?
1102324
In base 16, what is -60 + 4a22?
49c2
In base 6, what is 3520 - -21252?
25212
In base 12, what is -25b + -a3?
-342
In base 16, what is -969f + -58?
-96f7
In base 12, what is -3 - -75562?
7555b
In base 8, what is 1 + 113602?
113603
In base 2, what is 10110 + 101011101111?
101100000101
In base